1 - 3 - (-1892)/u is divided by 45?
39
Let w(g) = 4*g**3 - 33*g**2 + 83*g - 135. Calculate the remainder when w(7) is divided by 28.
5
Let v(n) = -9*n**3 + 6*n**2 - n - 7. Calculate the remainder when 3716 is divided by v(-1).
8
Suppose w + l - 23 = 3*l, 3*w = 5*l + 71. Let x(d) = 2*d**3 + 24*d**2 + 45*d - 32. Let v be x(-8). What is the remainder when (-8)/(-1)*720/v is divided by w?
21
Suppose 0 = 51*u - 49*u + 5*y + 8, -2*u + 4 = 2*y. Calculate the remainder when 228 is divided by u.
0
Let k(f) = 4*f**2 - 11*f - 35. Let y be k(-6). Let m = y - 159. Calculate the remainder when 61 is divided by m.
13
Let r be ((-8)/6)/((-2)/24). Suppose -5*d = -r - 24. Suppose 4*o - 2 = o - 2*p, -d = -o + 3*p. What is the remainder when 9 is divided by o?
1
Suppose -90 + 8670 = 11*f. Let x = 800 - f. What is the remainder when 357 is divided by x?
17
Let c = -34 + 47. Let o(q) be the third derivative of q**5/60 - 13*q**4/24 + 29*q**3/6 - 123*q**2. What is the remainder when o(c) is divided by 10?
9
Let z(x) = 32*x + 567. What is the remainder when z(39) is divided by 202?
199
Let x = -421 + 426. Suppose 192 = 4*f - 5*y, -x*y + 0 = -20. Suppose 2*v + 42 = 4*r, -3*v + 2*v + 42 = 5*r. Calculate the remainder when f is divided by r.
8
Let b(a) = a**2 + 22*a - 4. Suppose 5*x = -j - 15, -14*x = 4*j - 9*x. Calculate the remainder when b(-24) is divided by j.
4
Let u = 56 + -28. Let p(s) be the first derivative of -s**3/3 - 11*s**2/2 + 8*s + 9. Calculate the remainder when u is divided by p(-11).
4
Suppose 0 = -3*v - 5*u - 51 + 83, -v + 14 = u. Calculate the remainder when -3*(-5)/(-3) - -250 is divided by v.
17
Let k = 4000 - 3706. Calculate the remainder when 1467 is divided by k.
291
Suppose -8*f + 1776 = 29*f. Suppose -21*v = -19*v, 4*v = 2*c - f. Calculate the remainder when 57 is divided by c.
9
Let h = 1983 - 1782. Calculate the remainder when h is divided by 163.
38
Let y(m) = m**2 + 7*m - 4. Let p be y(-8). Calculate the remainder when (2 + -1)/(6/366) is divided by -4*((-6)/(-8) - p).
9
Let l(d) be the first derivative of -d**2 - 102*d + 4. Let j(k) = -k - 34. Let v(i) = 7*j(i) - 2*l(i). What is the remainder when 52 is divided by v(-16)?
10
Suppose -497*m + 890*m - 457*m = -7744. What is the remainder when 357 is divided by m?
115
Let d = 1346 - 925. Let n = d + -591. Calculate the remainder when 214 is divided by 5/10 + n/(-4).
42
Let n(m) = 15*m**2 - 5*m + 3. Suppose -5*z + 2*g = 8, -g + 10 - 7 = -2*z. What is the remainder when n(z) is divided by 38?
35
Let j(v) = v + 5. Let p be j(-5). Let o(k) = k**3 + 5. Suppose -1391 = 112*s - 5647. What is the remainder when s is divided by o(p)?
3
Suppose 2*n + 4*j = 2200, -5*j - 2208 = -2*n - 8*j. What is the remainder when n is divided by 365?
21
Suppose 4*d - 85 = 4*h - h, -3*d - 2*h + 51 = 0. What is the remainder when 728/28*514/52 is divided by d?
10
Suppose 400 = 23*w - 3*w. Suppose -7*r = 3*c - 3*r - 835, -4*r - w = 0. What is the remainder when c is divided by 17?
13
Let j = -775 + 540. Let b = j - -252. What is the remainder when 271 is divided by b?
16
Suppose 2621 = 8*y + 341. Suppose -3*b = -2*f - 466 - y, 0 = 4*f + 20. What is the remainder when b is divided by 50?
47
Suppose 41 = 5*k + 2*p, 2*k - 24 = p - 4. Calculate the remainder when 17486 is divided by k.
8
Let t = -3273 - -4455. Calculate the remainder when t is divided by 2.
0
Let h(o) = -10*o + 715. Suppose -4*v - 5*t + 191 = 0, -2*v = -4*v + t + 99. Calculate the remainder when v is divided by h(69).
24
Let p = 2 + 15. Let c = 20 - p. Let s(i) = 2*i**2 - 4*i + 2. Calculate the remainder when 31 is divided by s(c).
7
Let a(l) = -l**3 + 6*l**2 + 11*l + 13. Let z be a(6). Suppose j - 71 = -s, -2*s - z = -3*s - 3*j. Calculate the remainder when s is divided by 10.
7
Let s(n) = -110*n - 253. What is the remainder when 1173 is divided by s(-3)?
18
Let t(j) = -11*j - 124. Let p(v) = -v**3 + 4*v**2 + 6*v - 2. Suppose 4*k = s + 15, -4*k - s = -3*s - 14. What is the remainder when p(k) is divided by t(-12)?
6
Let b = 10 - -20. Suppose -2*y - 561 = -571. Suppose 0 = -4*f + y*m + 24, -23*m + 49 = 3*f - 19*m. What is the remainder when b is divided by f?
8
Suppose a - 464 + 409 = 0. Suppose -4*u - 16 = -l, -l + 0 = 5*u + 11. What is the remainder when a is divided by (-22)/(-3) + u/9?
6
Let k = -31354 - -31593. Calculate the remainder when 335 is divided by k.
96
Suppose 77*r - 2268 = 126*r - 76*r. What is the remainder when 4031 is divided by r?
83
Let j = 3920 + -3808. Calculate the remainder when 2481 is divided by j.
17
Let t(o) = o - 2. Let n be t(6). Suppose -n*w + 248 = 5*l - 500, 3*w + 5*l - 561 = 0. Calculate the remainder when w is divided by 38.
35
Suppose -8*f - 143 = 10*f - 503. Calculate the remainder when 254 is divided by f.
14
Let p(f) = -6*f**2 - 11*f + 4. Let t be p(-5). Let h be (-2)/((-4)/(-3)) + (-798)/(-4). Let v = t + h. What is the remainder when v is divided by 10?
7
Let p be (-58)/435 + 3454/30. Suppose 5*d = -2*w + p, 7*w - 25 = 2*w. What is the remainder when 93 is divided by d?
9
Suppose -17*q + 13*q = -44. Suppose 12 = -9*g + q*g. What is the remainder when (-1638)/(-35)*15/g is divided by 30?
27
Suppose 22*t = 18446 - 428 + 15136. What is the remainder when t is divided by 24?
19
Suppose -3*a + 5 + 13 = 3*w, -4*a = -5*w + 66. Calculate the remainder when (-221)/(-4) - (195/20)/(-13) is divided by w.
6
What is the remainder when (-6)/14 - (-58860)/140 is divided by 74?
50
Let x = 1164 + -246. What is the remainder when x is divided by 62?
50
Suppose -2*u - 256 = -3*v + 901, 0 = v - 5*u - 390. Calculate the remainder when v is divided by 126.
7
Suppose 134 = -5*h + 5*a + 729, -4*a = -3*h + 363. Calculate the remainder when h is divided by 36.
5
Suppose 0 = 5*v, 0*h - 3*h = -3*v - 30. Suppose -f + h = -4. Calculate the remainder when 417 is divided by f.
11
Suppose -21*x + 34742 = -1021. What is the remainder when x is divided by 14?
9
Let q(a) = -a**3 - 19*a**2 + 22*a + 42. Let i be q(-20). What is the remainder when (i - -6)/2 + (-620)/(-10) is divided by 9?
3
Suppose -2*k + 18 + 36 = 2*w, -w + 31 = -k. What is the remainder when 14599/39 - 6/(-9) - 0 is divided by w?
27
Suppose 6 = -5*x + 26. Suppose -x*z + 41 + 3 = 0. Suppose -2*s - 42 = -4*s. Calculate the remainder when s is divided by z.
10
Let b be (1/2)/((-8)/(-2080)). Suppose -5*d + b = -20. Calculate the remainder when d is divided by (-2)/14 - (-1088)/119.
3
Let x(l) = -l**2 - 13*l + 133. Suppose -23*k - 30 = -21*k. What is the remainder when x(k) is divided by 7?
5
Suppose 6*f - 2*f - 100 = -3*c, -2*f + 56 = 3*c. Let w = 12686 - 12496. What is the remainder when w is divided by f?
14
What is the remainder when ((-657)/(-45))/(104/20 + -5) is divided by 19?
16
Calculate the remainder when (-24)/(-180)*30 - -167 is divided by 86.
85
Suppose -6*r + 252 = -4*r + 5*x, 2*x - 124 = -r. Let i = r - -45. What is the remainder when i is divided by 4?
1
What is the remainder when 1303 - (165/(-15) + 9) is divided by 431?
12
Let t(u) = 2*u**3 + 16*u**2 + 6*u + 6. Let h = 4521 - 4302. What is the remainder when h is divided by t(-6)?
105
Let f = -2470 + 4160. Suppose 3*l + 73 = -3*d + f, -2694 = -5*d - 4*l. Calculate the remainder when d is divided by 45.
43
Let l(g) = 2*g**2 + 12*g + 20. Let m be l(-3). Suppose j - m*v = 52, j + 0*v - 52 = v. What is the remainder when 204 is divided by j?
48
Let u = -3 + 4. Suppose -159*s - 79*s - 102*s = -340. What is the remainder when u is divided by s?
0
Let i be 5/(-55) - (-6910)/22. Suppose 305 = 4*s + 3*d, -2 = 4*s - 4*d - i. What is the remainder when s is divided by 22?
11
Let j(h) = h**3 + 19*h**2 - 3*h - 41. Let i(p) = p**2 - 29*p + 35. Let b be i(27). Calculate the remainder when 24 is divided by j(b).
8
Let h(z) = -9*z**3 + z**2 - 4*z - 2. Let i(y) = 9*y**3 + 3*y + 3. Let r(l) = -3*h(l) - 4*i(l). What is the remainder when r(-2) is divided by 22?
10
Let g(a) = -a**2 + 5*a + 59. Let s be g(10). Suppose 0 = -s*n - 541 + 1792. What is the remainder when n is divided by 49?
41
Let v(s) = 2*s**2 - 57*s + 46. What is the remainder when (0 - -49) + (7 - 7) is divided by v(28)?
13
Suppose 0*i - 5*i + 66 = 3*y, 4*y = 2*i + 114. Suppose 3*l = 2736*s - 2738*s + 1356, 0 = -5*l + 2*s + 2292. What is the remainder when l is divided by 